{"id":1140,"date":"2026-02-14T12:55:42","date_gmt":"2026-02-14T12:55:42","guid":{"rendered":"https:\/\/logbook.al\/?page_id=1140"},"modified":"2026-02-21T02:04:41","modified_gmt":"2026-02-21T02:04:41","slug":"miu","status":"publish","type":"page","link":"https:\/\/logbook.al\/?page_id=1140","title":{"rendered":"MIU"},"content":{"rendered":"\n<h5 class=\"wp-block-heading\">NGA KARL VALENTIN<br><\/h5>\n\n\n\n<div class=\"wp-block-media-text is-stacked-on-mobile\"><figure class=\"wp-block-media-text__media\"><img loading=\"lazy\" decoding=\"async\" width=\"618\" height=\"1024\" src=\"https:\/\/logbook.al\/wp-content\/uploads\/2026\/02\/Karl-Valentin-Logbook-2-618x1024.jpg\" alt=\"\" class=\"wp-image-1141 size-full\" srcset=\"https:\/\/logbook.al\/wp-content\/uploads\/2026\/02\/Karl-Valentin-Logbook-2-618x1024.jpg 618w, https:\/\/logbook.al\/wp-content\/uploads\/2026\/02\/Karl-Valentin-Logbook-2-181x300.jpg 181w, https:\/\/logbook.al\/wp-content\/uploads\/2026\/02\/Karl-Valentin-Logbook-2-768x1272.jpg 768w, https:\/\/logbook.al\/wp-content\/uploads\/2026\/02\/Karl-Valentin-Logbook-2-928x1536.jpg 928w, https:\/\/logbook.al\/wp-content\/uploads\/2026\/02\/Karl-Valentin-Logbook-2.jpg 1160w\" sizes=\"auto, (max-width: 618px) 100vw, 618px\" \/><\/figure><div class=\"wp-block-media-text__content\">\n<div class=\"wp-block-group is-nowrap is-layout-flex wp-container-core-group-is-layout-ad2f72ca wp-block-group-is-layout-flex\">\n<h4 class=\"wp-block-heading\"><br><strong>Ajo:<\/strong> E di t\u00eb fundit ti? Ka gjith\u00eb dit\u00ebn q\u00eb bredh nj\u00eb mi n\u00eb dhom\u00ebn ton\u00eb t\u00eb gjumit.<br><strong>Ai:<\/strong> Aha, po pse e le ti miun t\u00eb na hyje n\u00eb dhom\u00ebn e gjumit?<br><strong>Ajo:<\/strong> Bro\u00e7kulla, s\u2019e lash\u00eb un\u00eb, vet\u00eb ka hyr\u00eb shkarazi.<br><strong>Ai:<\/strong> Shkarazi?<br><strong>Ajo:<\/strong> Po de, e si ndryshe? Duke fluturuar ka hy?<br><strong>Ai:<\/strong> Po t\u00eb jet\u00eb lakuriq nat\u00eb i bie t\u00eb fluturoj\u00eb; dometh\u00ebn\u00eb, fluturak \u00ebsht\u00eb lakuriqi i nat\u00ebs me flatra. Po n\u00ebse b\u00ebhet fjal\u00eb p\u00ebr nj\u00eb mi vulgar pa flatra, i bie \u00ebsht\u00eb futur me k\u00ebmb\u00eb n\u00eb dhom\u00ebn ku ne shtrihemi. K\u00ebshtu q\u00eb, mi apo lakuriq nate turi-mi, na mbetet t\u00eb gjejm\u00eb \u00e7far\u00eb lloj miu ishte, p\u00ebr ta kapur mandej.<br><strong>Ajo:<\/strong> Po ku ta di un\u00eb? Un\u00eb miun s\u2019e pash\u00eb!<br><strong>Ai:<\/strong> Po qysh pra k\u00ebmb\u00ebngul se na ka hyr\u00eb miu n\u00eb dhom\u00ebn e fjetjes?<br><strong>Ajo:<\/strong> Sepse e ndiva.<br><strong>Ai:<\/strong> Ndive? Ohh, po s\u2019\u00ebsht\u00eb ndonj\u00eb gj\u00eb e madhe kjo, ti ke ndi ve\u00e7 nj\u00eb mi, tmerr do ishte tmerr sikur t\u00eb t\u00eb kafshonte.<br><strong>Ajo:<\/strong> Po sikur miu hop t\u2019m\u00eb futet n\u00eb shtrat?<br><strong>Ai:<\/strong> Ah! Pse kush tjet\u00ebr mund t\u00eb t\u00eb futej ty shkarazi n\u00eb krevat?<br><strong>Ajo:<\/strong> Boll me kto fyerje! Dua t\u00eb them: e sikur miu t\u2019m\u00eb hynte n\u00eb shtrat e t\u2019m\u00eb kafshoj\u00eb?<br><strong>Ai:<\/strong> N\u00eb kt\u00eb rast miun jo vet\u00ebm do ta nd\u00ebgjoje, por do ja ndjeje dhe kafshimin; dhe kur t\u00eb kafshon, ti me th\u00ebrret menj\u00ebher\u00eb. Po n\u00ebse nuk jam kthyer nga kafja, l\u00ebre miun t\u00eb t\u00eb brej\u00eb at\u00eb trupin t\u00ebnd fisnik, e falu Zotit q\u00eb Nuk ishte qen race.<\/h4>\n\n\n\n<p><\/p>\n<\/div>\n<\/div><\/div>\n\n\n\n<p><br><strong>14.02.2026<\/strong><\/p>\n","protected":false},"excerpt":{"rendered":"<p>NGA KARL VALENTIN 14.02.2026<\/p>\n","protected":false},"author":1,"featured_media":0,"parent":0,"menu_order":0,"comment_status":"closed","ping_status":"closed","template":"","meta":{"footnotes":""},"class_list":["post-1140","page","type-page","status-publish","hentry"],"_links":{"self":[{"href":"https:\/\/logbook.al\/index.php?rest_route=\/wp\/v2\/pages\/1140","targetHints":{"allow":["GET"]}}],"collection":[{"href":"https:\/\/logbook.al\/index.php?rest_route=\/wp\/v2\/pages"}],"about":[{"href":"https:\/\/logbook.al\/index.php?rest_route=\/wp\/v2\/types\/page"}],"author":[{"embeddable":true,"href":"https:\/\/logbook.al\/index.php?rest_route=\/wp\/v2\/users\/1"}],"replies":[{"embeddable":true,"href":"https:\/\/logbook.al\/index.php?rest_route=%2Fwp%2Fv2%2Fcomments&post=1140"}],"version-history":[{"count":9,"href":"https:\/\/logbook.al\/index.php?rest_route=\/wp\/v2\/pages\/1140\/revisions"}],"predecessor-version":[{"id":1191,"href":"https:\/\/logbook.al\/index.php?rest_route=\/wp\/v2\/pages\/1140\/revisions\/1191"}],"wp:attachment":[{"href":"https:\/\/logbook.al\/index.php?rest_route=%2Fwp%2Fv2%2Fmedia&parent=1140"}],"curies":[{"name":"wp","href":"https:\/\/api.w.org\/{rel}","templated":true}]}}