{"id":1244,"date":"2026-03-14T15:25:04","date_gmt":"2026-03-14T15:25:04","guid":{"rendered":"https:\/\/logbook.al\/?page_id=1244"},"modified":"2026-03-16T10:14:38","modified_gmt":"2026-03-16T10:14:38","slug":"nje-jete-e-tere","status":"publish","type":"page","link":"https:\/\/logbook.al\/?page_id=1244","title":{"rendered":"Nj\u00eb jet\u00eb e t\u00ebr\u00eb"},"content":{"rendered":"\n<h3 class=\"wp-block-heading\"><mark style=\"background-color:rgba(0, 0, 0, 0)\" class=\"has-inline-color has-cyan-bluish-gray-color\"><strong>JOACHIM RINGELNATZ<\/strong><\/mark><\/h3>\n\n\n\n<div class=\"wp-block-media-text is-stacked-on-mobile\"><figure class=\"wp-block-media-text__media\"><img loading=\"lazy\" decoding=\"async\" width=\"758\" height=\"1024\" src=\"https:\/\/logbook.al\/wp-content\/uploads\/2026\/03\/Ringelnatz-Blog.jpg\" alt=\"\" class=\"wp-image-1245 size-full\" srcset=\"https:\/\/logbook.al\/wp-content\/uploads\/2026\/03\/Ringelnatz-Blog.jpg 758w, https:\/\/logbook.al\/wp-content\/uploads\/2026\/03\/Ringelnatz-Blog-222x300.jpg 222w\" sizes=\"auto, (max-width: 758px) 100vw, 758px\" \/><\/figure><div class=\"wp-block-media-text__content\">\n<h4 class=\"wp-block-heading\"><em>Mbr\u00ebmjes von\u00eb \u2013 pyeste ym\u00ebrshkurt\u00ebra miz\u00eb nj\u00ebditshe:<\/em><\/h4>\n\n\n\n<h4 class=\"wp-block-heading\"><strong>Miza fem\u00ebr:<\/strong> A t\u00eb kujtohet, asokohe mbi shkall\u00eb, kur ta vodha at\u00eb grimc\u00eb djath\u00eb? &nbsp;&nbsp;<\/h4>\n\n\n\n<h4 class=\"wp-block-heading\"><em>Me pjekurin\u00eb e plakut thinjosh, miza mashkull, buzagaz ia ktheu<\/em> : &nbsp;<\/h4>\n\n\n\n<h4 class=\"wp-block-heading\"><strong>Miza mashkull<em>:<\/em><\/strong> Sigurisht q\u00eb m\u00eb kujtohet. Ehhh, na ishte nj\u00ebher\u00eb&#8230;<\/h4>\n\n\n\n<h4 class=\"wp-block-heading\"><strong>Miza fem\u00ebr<\/strong> (<em>vazhdoi<\/em>): &nbsp;A t\u00eb kujtohet, at\u00ebher\u00eb, kur n\u00ebn gjurin e gjasht\u00eb, m\u00eb plandosi n\u00eb gjak ai helmimi i r\u00ebnd\u00eb?<\/h4>\n\n\n\n<h4 class=\"wp-block-heading\"><strong>Miza mashkull <\/strong>\u00a0(<em>gati krejt i p\u00ebrgjumur, i p\u00ebrgjigjej bashk\u00ebshort<em>\u00eb<\/em><\/em>s): P\u00ebr fat t\u00eb keq!<\/h4>\n\n\n\n<h4 class=\"wp-block-heading\"><strong>Miza fem\u00eb<\/strong>r: A t\u00eb kujtohet qysh, nga mllefosja jon\u00eb, n\u00eb ngjit\u00ebs mizash ta vrisja vet\u00ebn doja? E tani, koha kur e b\u00ebra vez\u00ebn time t\u00eb par\u00eb?? E dije q\u00eb ishte gjysm\u00eb ore pa shku gjasht\u00eb? Dhe se si at\u00ebher\u00eb n\u00eb kusin\u00eb me qum\u00ebsht rash\u00eb?<\/h4>\n\n\n\n<h4 class=\"wp-block-heading\"><strong>Miza mashkull<\/strong> (<em>S\u2019tha m\u00eb asnj\u00eb fjal\u00eb. \u00a0Gum\u00ebzhinte leht\u00eb, krejt i thyer e i lodhur nga jeta<\/em>): \u201cKoh\u00ebra t\u00eb shkuara&#8230; Sa moti, sa moti&#8230; kan\u00eb shkuar ato&#8230;\u201d<\/h4>\n\n\n\n<h4 class=\"wp-block-heading\"><br>P\u00ebrshtati: A. B. <br>14.3.2026<\/h4>\n<\/div><\/div>\n","protected":false},"excerpt":{"rendered":"<p>JOACHIM RINGELNATZ Mbr\u00ebmjes von\u00eb \u2013 pyeste ym\u00ebrshkurt\u00ebra miz\u00eb nj\u00ebditshe: Miza fem\u00ebr: A t\u00eb kujtohet, asokohe mbi shkall\u00eb, kur ta vodha at\u00eb grimc\u00eb djath\u00eb? &nbsp;&nbsp; Me pjekurin\u00eb e plakut thinjosh, miza &#8230;<\/p>\n","protected":false},"author":1,"featured_media":0,"parent":0,"menu_order":0,"comment_status":"closed","ping_status":"closed","template":"","meta":{"footnotes":""},"class_list":["post-1244","page","type-page","status-publish","hentry"],"_links":{"self":[{"href":"https:\/\/logbook.al\/index.php?rest_route=\/wp\/v2\/pages\/1244","targetHints":{"allow":["GET"]}}],"collection":[{"href":"https:\/\/logbook.al\/index.php?rest_route=\/wp\/v2\/pages"}],"about":[{"href":"https:\/\/logbook.al\/index.php?rest_route=\/wp\/v2\/types\/page"}],"author":[{"embeddable":true,"href":"https:\/\/logbook.al\/index.php?rest_route=\/wp\/v2\/users\/1"}],"replies":[{"embeddable":true,"href":"https:\/\/logbook.al\/index.php?rest_route=%2Fwp%2Fv2%2Fcomments&post=1244"}],"version-history":[{"count":11,"href":"https:\/\/logbook.al\/index.php?rest_route=\/wp\/v2\/pages\/1244\/revisions"}],"predecessor-version":[{"id":1264,"href":"https:\/\/logbook.al\/index.php?rest_route=\/wp\/v2\/pages\/1244\/revisions\/1264"}],"wp:attachment":[{"href":"https:\/\/logbook.al\/index.php?rest_route=%2Fwp%2Fv2%2Fmedia&parent=1244"}],"curies":[{"name":"wp","href":"https:\/\/api.w.org\/{rel}","templated":true}]}}