{"id":262,"date":"2022-01-24T01:58:41","date_gmt":"2022-01-24T01:58:41","guid":{"rendered":"https:\/\/logbook.al\/?page_id=262"},"modified":"2025-11-19T13:10:53","modified_gmt":"2025-11-19T13:10:53","slug":"muller_me-shume","status":"publish","type":"page","link":"https:\/\/logbook.al\/?page_id=262","title":{"rendered":">>M\u00fcllermaterial"},"content":{"rendered":"\n<figure class=\"wp-block-image size-large\"><img loading=\"lazy\" decoding=\"async\" width=\"1024\" height=\"683\" src=\"https:\/\/logbook.al\/wp-content\/uploads\/2022\/01\/Kuartet_2018-1024x683.jpg\" alt=\"\" class=\"wp-image-264\" srcset=\"https:\/\/logbook.al\/wp-content\/uploads\/2022\/01\/Kuartet_2018-1024x683.jpg 1024w, https:\/\/logbook.al\/wp-content\/uploads\/2022\/01\/Kuartet_2018-300x200.jpg 300w, https:\/\/logbook.al\/wp-content\/uploads\/2022\/01\/Kuartet_2018-768x512.jpg 768w, https:\/\/logbook.al\/wp-content\/uploads\/2022\/01\/Kuartet_2018.jpg 1200w\" sizes=\"auto, (max-width: 1024px) 100vw, 1024px\" \/><\/figure>\n\n\n\n<h5 class=\"wp-block-heading\">&#8220;Kuartet&#8221; u vu n\u00eb sken\u00eb n\u00eb Teatrin Dodona, n\u00eb shkurt t\u00eb vitit 2018, me regji t\u00eb Andreas Pronegg. <\/h5>\n\n\n\n<h5 class=\"wp-block-heading has-text-align-center\"><br><br><br><strong>VDEKJA E TEATRIT<\/strong><\/h5>\n\n\n\n<h6 class=\"wp-block-heading has-text-align-center\"><br>Teat\u00ebr bosh. N\u00eb sken\u00eb aktori vdes<br>Sipas rregullit t\u00eb artit t\u00eb vet:<br>Me kam\u00eb n\u00eb fyt! Afshi i zjarrt\u00eb vaket shpejt;<br>Nj\u00eb solo t\u00eb mbrame p\u00ebr ovacion<br>Pa duar. N\u00eb lozh\u00ebn e shkretuar<br>Si krejt teatri, nj\u00eb petk i l\u00ebn\u00eb rri;<br>M\u00ebndafshi klithm\u00ebn e aktorit shfryn;<br>Skuqet m\u00ebndafshi, petk i r\u00ebnduar<br>Nga gjaku i loj\u00ebs drejt vdekjes n\u2019arrati.<br>N\u00ebn dritat e sken\u00ebs q\u00eb vizllojn\u00eb furi<br>Ia ka thith\u00eb venat bosh petku i harruar<br>T\u00eb vdekurit q\u00eb vetes i \u00ebsht\u00eb sh\u00ebmb\u00eblltyr\u00eb<br>N\u00eb epsh, n\u00eb tmerr s\u2019ka p\u00ebr t\u2019u kthyer<br>Ai gjak: njoll\u00eb boje e pashlyer.<br><\/h6>\n","protected":false},"excerpt":{"rendered":"<p>&#8220;Kuartet&#8221; u vu n\u00eb sken\u00eb n\u00eb Teatrin Dodona, n\u00eb shkurt t\u00eb vitit 2018, me regji t\u00eb Andreas Pronegg. VDEKJA E TEATRIT Teat\u00ebr bosh. N\u00eb sken\u00eb aktori vdesSipas rregullit t\u00eb artit &#8230;<\/p>\n","protected":false},"author":1,"featured_media":0,"parent":0,"menu_order":0,"comment_status":"closed","ping_status":"closed","template":"","meta":{"footnotes":""},"class_list":["post-262","page","type-page","status-publish","hentry"],"_links":{"self":[{"href":"https:\/\/logbook.al\/index.php?rest_route=\/wp\/v2\/pages\/262","targetHints":{"allow":["GET"]}}],"collection":[{"href":"https:\/\/logbook.al\/index.php?rest_route=\/wp\/v2\/pages"}],"about":[{"href":"https:\/\/logbook.al\/index.php?rest_route=\/wp\/v2\/types\/page"}],"author":[{"embeddable":true,"href":"https:\/\/logbook.al\/index.php?rest_route=\/wp\/v2\/users\/1"}],"replies":[{"embeddable":true,"href":"https:\/\/logbook.al\/index.php?rest_route=%2Fwp%2Fv2%2Fcomments&post=262"}],"version-history":[{"count":5,"href":"https:\/\/logbook.al\/index.php?rest_route=\/wp\/v2\/pages\/262\/revisions"}],"predecessor-version":[{"id":1047,"href":"https:\/\/logbook.al\/index.php?rest_route=\/wp\/v2\/pages\/262\/revisions\/1047"}],"wp:attachment":[{"href":"https:\/\/logbook.al\/index.php?rest_route=%2Fwp%2Fv2%2Fmedia&parent=262"}],"curies":[{"name":"wp","href":"https:\/\/api.w.org\/{rel}","templated":true}]}}